(q) = q**2 + 6*q - 1. Let i be 8/(-2 - (-32)/12). Suppose 0 = -0*m - 2*m - i. Determine d(m).
-1
Let b(n) = n**3 + 3*n**2 - 4*n + 1. Suppose -2*u = -0*u. Suppose -f + 448 = 5*m + 2*f, -5*f - 20 = u. Let d be m/(-22) + 2/11. Calculate b(d).
1
Let t(s) = -5*s**3 + 2*s**2 + 10*s + 3. Let v(y) = 4*y**3 - 2*y**2 - 9*y - 3. Let h(z) = -5*t(z) - 6*v(z). Calculate h(-2).
-5
Let k(t) be the first derivative of t**3/3 + 5*t**2/2 - t + 2. Give k(-3).
-7
Let l(g) = -g**2 + g - 1. Let r be l(1). Let j(p) = -6*p - 1. Calculate j(r).
5
Suppose -4*n - 13 = 3*i, i = -4*n - 13 - 2. Let a(l) be the second derivative of -3*l**5/10 + l**4/12 + l**3/6 - l**2/2 - 11*l. Determine a(i).
-5
Suppose -2*z + 1 = 3*h + 2, 0 = -4*z + 2*h + 38. Suppose -3*w = -3 - 9. Let s(r) = 3 + r + w*r - z*r. Determine s(3).
-3
Let w(z) = 7*z. Suppose 0 = -5*x - 0*x. Suppose -7*y + 5*y + 2 = x. What is w(y)?
7
Let s(l) = -2*l - 1 + 6*l - 3*l. Let n be (4/3)/(4/(-6)). Let h be (-2)/(n/(4*-1)). Calculate s(h).
-5
Let w(u) = 8 - 5*u + 2*u - 9 + 0*u**2 + 2*u**2. Determine w(-2).
13
Let n(m) = -m - m - 2*m. Let g = 1 - 4. Let d be (-3 - -1)/((-6)/g). Determine n(d).
4
Let s(f) = -f**2 - 11*f + 8. Let o(d) = -d**2 - 12*d + 9. Let i(y) = -4*o(y) + 5*s(y). Give i(-6).
10
Let n = -2 - -3. Let m be n - 1 - (1 + -3). Let r(k) = 3*k**m - 4*k**2 + 7*k + 4 - 10. Give r(4).
6
Let d(o) = -6*o**2 - 12*o - 12. Let v(l) = -l**2 - 13*l - 19. Let z(h) = 13*h + 20. Let g(u) = -7*v(u) - 6*z(u). Let k(m) = 6*d(m) + 5*g(m). Give k(-5).
3
Let n = 17 - 10. Let y(t) = 2*t**3 + 2*t**2 - t + 1. Let w be y(2). Suppose 4*z - n = -w. Let o(q) = q**3 + 3*q**2 - q + 2. Determine o(z).
-10
Let l(s) = 2*s**3 + 2*s**2 - 3*s - 3. Suppose -3*y + 2 = -4*t, 3*y = 5*y + 4*t + 12. Determine l(y).
-5
Let j(s) = -3 + 7 - 2 - 2*s**2 + 2*s. Let k be 10/(-2) - 0/(-1). Let n = -2 - k. Calculate j(n).
-10
Let o(z) = 2*z - 12*z + 12*z + 3. Let d be 2/8 + 19/4. Suppose -5*x + d - 15 = 0. Determine o(x).
-1
Let o(q) = -3*q + 5. Let u(w) = 4*w - 6. Let r(y) = 7*o(y) + 6*u(y). Determine r(-3).
-10
Let u(q) = q - 10. Let b(x) = -1. Let i(m) = 3*b(m) + u(m). Calculate i(0).
-13
Let g(l) = 3*l - 11. Let x be g(5). Let h(v) = v**3 - 5*v**2 + 3*v. What is h(x)?
-4
Let k(v) = -3*v - 2*v**2 + 0*v**2 + 0*v**2 + 14*v**3. Let s(l) = -9*l**3 + 2*l - 4*l**3 + 4*l**2 - 2*l**2. Let f(i) = -3*k(i) - 4*s(i). Determine f(1).
9
Let j(k) be the first derivative of k**4/4 - k**3/3 - 3*k**2/2 - k + 2. Let q be 2*-1*-3*1. Suppose -5*l - q = 4. What is j(l)?
-7
Let p(t) = t - 4. Let o be 2/(-4)*0/(-1). Suppose 2*r + 2*r = o. Determine p(r).
-4
Let u(r) = -1. Let p(o) = 5*o + 2*o - 6 - 5*o - 1. Let n(s) = -p(s) + 6*u(s). Calculate n(4).
-7
Suppose -4*r + w + 4*w - 1 = 0, -5*w = 5*r - 10. Let k be (r + 4/(-8))*4. Let u(d) = -d**3 + 3*d**2 - 2*d + 3. Determine u(k).
3
Suppose -5*d = -2*d. Suppose -2*c + 5*o - 6 = -d*o, 2*c - 2 = o. Let i(f) = 6*f + 2*f**2 + f**c - 9*f**2 + 2 + 2*f**3 - f**3. What is i(5)?
7
Suppose 3 + 5 = 2*k - 2*x, -k + 8 = -5*x. Let w(g) = -g**2 - 2*g + 3 + 3*g + g**k + 7*g**2. Determine w(-6).
-3
Suppose -4*i - s - 27 + 11 = 0, 0 = -3*i - 4*s + 1. Let d(t) = t**2 + 5*t. Determine d(i).
0
Let y(n) be the second derivative of -n**4/12 + 5*n**3/3 - 5*n**2/2 + 32*n. What is y(7)?
16
Let h(m) = 5*m**2 - 1. Let i be h(1). Suppose 3*y - i = y. Let g(o) be the third derivative of -o**6/120 + o**5/12 - o**4/6 + o**3/2 - 8*o**2. Give g(y).
7
Let h(b) = -4*b - 3. Let q(i) = i + 1. Let k(o) = 4*h(o) + 11*q(o). Determine k(-1).
4
Suppose 4*j + j = -35. Let m(i) = -5*i**3 - 5*i**2 + 5*i - 1. Let f(r) = 11*r**3 + 11*r**2 - 11*r + 2. Let l(n) = j*m(n) - 3*f(n). Give l(1).
3
Let d(s) be the first derivative of 2/3*s**3 + s**2 - 4*s - 3. Calculate d(-3).
8
Let f(z) = z**2 - 3*z + 1. Let y be (3/(-2))/((-25)/50). Calculate f(y).
1
Suppose 2*i - 4 = 8. Let o(k) = k**2 - 8*k + 9. Give o(i).
-3
Let a(m) be the third derivative of -1/60*m**5 + 4*m**2 + 0 + 1/6*m**4 + 0*m**3 + 0*m. Let y(x) = 2*x + 1. Let v be y(1). Give a(v).
3
Let m(i) = -153 - 158 + 2*i - 150 + 458. Let f(d) = -d**2 - 4*d + 3. Let b be f(-4). Determine m(b).
3
Let s(z) = z**3 - 2*z**2 - 2*z. Let d be (-56)/(-10) + (-2)/(-5). Suppose -5*l + d = -2*l. Suppose l*p = 5*p - 9. Determine s(p).
3
Let s(h) = -h**3 - 3*h**2 + 6*h + 2. Let o be s(-4). Let g(i) be the second derivative of i**5/20 + 7*i**4/12 + 5*i**3/6 - 2*i**2 - 15*i. Give g(o).
2
Suppose -2 = 13*y - 54. Let x(a) = a**2 - 10*a + 5. Calculate x(y).
-19
Let k(v) = 6*v**2 - 5*v + 4. Let w(f) = -7*f**2 + 6*f - 5. Let m(c) = 5*k(c) + 4*w(c). Let q = -2 + 1. What is m(q)?
3
Suppose -3*f + 23 = 5*x, x + 4*f - 1 + 10 = 0. Let n = -5 + x. Let s(p) = p - 6. Let o(d) = -1. Let y(l) = 4*o(l) - s(l). Calculate y(n).
0
Let h be 3/5 + 3/(-5). Let g(i) = i - 12. Calculate g(h).
-12
Let l(x) = -2*x**3 - 4*x + 5. Let s(w) = 5*w**3 - w**2 + 11*w - 14. Let g(y) = 8*l(y) + 3*s(y). What is g(-3)?
-5
Suppose -g + 4 + 10 = 3*w, -4 = -2*g. Let t(o) = -o**3 + 5*o**2 - 5*o - 1. What is t(w)?
-5
Let t(h) = 9*h**2 - 4*h - 17. Let f(a) = 4*a**2 - 2*a - 8. Let i(k) = -13*f(k) + 6*t(k). Give i(-3).
14
Let x(h) = 0 + 7 + 4*h**2 + 0 - 9 - h**3. Let o(a) = a**3 - 4*a**2 - 3*a - 6. Suppose -5*r = 3*q + 2 - 21, -4*q = r + 3. Let b be o(r). Give x(b).
-2
Let j(g) be the third derivative of g**7/180 + g**6/720 + g**4/24 - 2*g**2. Let d(w) be the second derivative of j(w). Determine d(-1).
13
Let l(d) = -3*d - 1. Let c(y) = -4*y. Let v be (2/6)/(3/45). Let g = v + 0. Let p(m) = g*l(m) - 4*c(m). Give p(3).
-2
Let w(o) = -o**2 - 7*o + 8. Let g be 124/(-16) + 1/(-4). Determine w(g).
0
Suppose -3*q - 8 = -5*q. Suppose -3*m + 2*f + 2*f = -6, 0 = q*m - 5*f - 8. Let d(j) = 0*j**2 + 0*j**2 + 3*j + 5*j**2 + j**3 + m. Determine d(-3).
11
Let z = 5 - 0. Let i be -2*(z + -4)*2. Let n(s) = s**3 + 4*s**2 - 3*s - 5. What is n(i)?
7
Suppose -3*o - 5*r - 15 = -2, o = 5*r - 11. Let x(l) = l**2 + 5*l - 1. Calculate x(o).
5
Let w be (-24)/(-10) - 6/15. Let b = 1 - w. Let d(q) be the third derivative of -11*q**6/120 - q**5/30 - q**4/24 - q**2. Give d(b).
10
Let h(t) = 3*t - 6. Let k(c) = -8*c + 17. Let o(q) = -17*h(q) - 6*k(q). Let b(v) = v**3 - 3*v**2 + 2*v - 1. Let z be b(2). Let m = -2 - z. Give o(m).
3
Suppose 2*q + 0*a = -3*a - 3, -2*q + 18 = -4*a. Let c(t) = -1 - 4*t**3 + 6*t**q + 7*t**3 - t. Determine c(-1).
-9
Suppose -5*t - 26 = -4*d - 2*t, 4*d - 24 = 2*t. Let q(l) = 15*l**2 + l + 15. Let g(c) = -7*c**2 - 7. Let m(r) = 13*g(r) + 6*q(r). Give m(d).
4
Let k(h) = -h**2 + 5*h + 1. Let o be (-3 + 4)*(4 + -1 + 2). Determine k(o).
1
Suppose -18 = 7*l - 13*l. Let x(f) be the second derivative of -1/2*f**2 - 1/3*f**4 + 1/20*f**5 + 2/3*f**3 + 0 + f. Determine x(l).
2
Suppose -2*b = 2 - 6. Suppose 2*r = -4*v + 33 - 9, 5*r - 12 = -b*v. Let u(s) = -s**3 + 5*s**2 + 6*s - 1. Calculate u(v).
-1
Let r(s) = s. Let i(h) = -3*h + 1. Let v(y) = 2*i(y) + 5*r(y). Let x be 5/(25/2)*10. Let f be 65/(-25) + x/(-10). Determine v(f).
5
Let k(r) = -r**3 - 4*r**2 + 2*r + 10. Let p(u) = -2*u**3 - 7*u**2 + 3*u + 20. Let m(w) = -5*k(w) + 3*p(w). Let j be 4/(-8) - (-1)/2. Determine m(j).
10
Let x(m) be the first derivative of -5*m**2/2 - 2*m - 13. What is x(-2)?
8
Let r be 18 + 5 + (0 - -1). Suppose q + 5*s + r = 0, 4 = -2*q - 3*s + 4*s. Let c(o) be the second derivative of -o**3/2 - 3*o**2 - 8*o. Determine c(q).
6
Let q(v) = 5*v + 3. Let k(l) = 5*l + 4. Let x(r) = -3*k(r) + 4*q(r). What is x(1)?
5
Suppose -5*x + 0*x = -45. Let a = -3 + x. Let m(l) = l**2 - 5*l - 3. What is m(a)?
3
Let j = -7 + 3. Let s = j - -6. Let f(l) = 0*l - 5 + 6*l**s + 3*l + l**3 - l**2. Determine f(-4).
-1
Let g(h) = 11*h - 19. Let v(z) = 9 + 0*z - z - 4*z. Let r = 18 + -31. Let m(q) = r*v(q) - 6*g(q). Give m(-4).
1
Suppose 25 = 5*s, 20 = -5*l + 3*s + s. Let z(d) = d**3 + d**2 - 3. Let b be z(l). Let t(y) = 3*y + 4. Give t(b).
-5
Let p(h) be the third derivative of h**6/120 + h**5/10 - h**4/24 + h**3/6 + 2*h**2 - 16*h. Calculate p(-6).
7
Let u(q) = -q**2 + 4*q + 6. Suppose 0 = -0*y + 4*y. Suppose 2*m - 54 = -4*p, -4*m + y*m + 4*p = -96. Suppose 0 = w + 4*w - m. What is u(w)?
1
Let s = 3 - 0. Suppose -q - 1 = -s. Let o(m) = -3 + 2 - 4*m - m**q + 0. Calculate o(-4).
-1
Suppose -5 - 43 = -3*c. Let o be (2/(-4))/(1/c). Let f be 2/o + (-63)/(-12). Let k(